= -15*o - 6*o - 305 + 5*o + 304. Give w(-1).
15
Let g(u) = -5*u - 1. Suppose 104 = 60*t - 376. Give g(t).
-41
Let o be (-3)/(-6)*(-9 + 11) - -6. Let l(h) = -4*h + 8. What is l(o)?
-20
Let f(t) = -t**2 - 13*t - 18. Let h be f(-10). Let g(x) = 2*x**2 - x - 10 + h - 3. Give g(-2).
9
Let z = 110 - 111. Let m(s) = 35*s. Let q(g) = -12*g. Let p(d) = 5*m(d) + 14*q(d). Give p(z).
-7
Let u(y) = 5*y + 47. Let f be u(-9). Suppose -f*g + 34 = 4*c, 2*g - 14 = -0*g + c. Let t(o) = -o**3 + 9*o**2 - 2*o + 13. Determine t(g).
-5
Suppose 4*d - 2*s + 22 = 0, 2*d - 3*s = -4 - 13. Let c(g) be the second derivative of -1/20*g**5 + 0 - 2*g**2 - 5*g - 1/3*g**4 - 1/2*g**3. Give c(d).
8
Suppose 5*p + 1 = 16. Let q(f) be the third derivative of 0 + 5/24*f**4 - 1/12*f**5 + 1/120*f**6 + 0*f + 2*f**2 - 1/2*f**3. What is q(p)?
-6
Let w(m) = -m**3 + m**2. Let q(f) = -4 - 2*f + 1 + f**2 + 0. Let i be 1/((-5)/(-17)) - (-8)/(-20). Let c be q(i). What is w(c)?
0
Let h(y) = 2*y - 13. Let k be 15/10*(0 - (-68)/3). Suppose 7*a = 36 + k. Calculate h(a).
7
Suppose u + 41 - 41 = 0. Suppose 4*o = -u*o. Let t(b) = -b - 2. Let d(h) = -1. Let v(x) = -3*d(x) - t(x). What is v(o)?
5
Let q(i) = i**3 - 3*i**2 + i - 2. Let t(z) = -18 + 22*z + 3 - 25*z. Let c be t(-6). Give q(c).
1
Let l = 23 + -31. Let h(j) = 3*j + 21. Let x be h(l). Let a(w) be the third derivative of -w**5/30 - w**4/8 + w**3/3 - w**2. What is a(x)?
-7
Let u(n) = n**2 + 2*n - 3. Let f be u(2). Let x = -6 + f. Let r(d) = -d**2 - 6*d + 2. Let z(k) = k. Let h(o) = x*r(o) - 6*z(o). Calculate h(-3).
7
Let g(p) = -p**2 - 7*p - 5. Let v be g(-3). Let t(w) = -3 + 6 + v*w - 8*w. Let b be t(0). Let k(o) = -4*o + 4. Determine k(b).
-8
Let g be (-10)/(-8) - 1/4. Let r(x) = 18*x**3 - 5*x**2 - 17*x**3 - x**2 + g - 5 - 7*x. What is r(7)?
-4
Let r(d) = -d + 9. Let h(o) be the second derivative of -o**3/2 + o**2/2 + 3*o. Let l be h(-4). Let z be r(l). Let v(g) = 4*g + 6. What is v(z)?
-10
Let f be -3*(-6)/(-27)*3. Let z be ((-13)/26)/(f/(-16)). Let v(k) = -2*k**2 + 5 - k**3 + k - 2*k**2 - 2. Determine v(z).
-1
Let f(c) = c**2 - 9*c - 2. Let u be (0 + 1)*(-13 - -20). Give f(u).
-16
Let o(r) = -6*r + 4. Suppose -1 - 36 = -3*z + 5*h, -2*h - 10 = 0. Determine o(z).
-20
Let v(b) = b**2 - b. Let m(s) = 2 - 3*s + 6*s + s - 3*s**2. Let q(u) = -m(u) - 5*v(u). Let f be (2/(-3))/((-1)/3). Calculate q(f).
-8
Let x(n) = -n**3 - 4*n**2 + 9*n - 20. Let h = 554 - 560. Determine x(h).
-2
Let w = -553 + 553. Let p(n) be the third derivative of 0*n**5 + w*n - 1/120*n**6 + 0 - 1/24*n**4 + 1/6*n**3 + n**2. Calculate p(0).
1
Let f(u) = -14*u - 7. Let j(w) = -9*w - 5. Let x(l) = 5*f(l) - 7*j(l). Determine x(-1).
7
Let p(i) = -i**2 + i. Let q be p(-2). Let n(a) be the second derivative of -1/6*a**3 - 4*a**2 + 0 + 5*a. Calculate n(q).
-2
Suppose 58*w - 3*w + 440 = 0. Let j(k) = k + 9. What is j(w)?
1
Suppose 27*d = 5*d + 154. Let o(z) be the second derivative of 1/12*z**4 - 3*z + 0 + d*z**2 + 0*z**3. What is o(0)?
14
Suppose -5 = -4*h - 3*u, 5*u = h - 0*u - 7. Let j(l) = -11*l**2 + 3*l**h + 6*l - 7*l. What is j(1)?
-9
Let k(p) be the first derivative of -1 + 2*p + p**3 + 1/4*p**4 - 3/2*p**2. Let z = -87 - -83. Give k(z).
-2
Let i(v) = -v**2 - 7*v + 27. Let r(c) = -13*c + 224. Let t be r(18). Calculate i(t).
-3
Let x(q) = -q**3 - 8*q**2 - 7*q + 3. Let p be (1/3)/(7/(-147)). What is x(p)?
3
Let b(l) = l + 15. Suppose -2*d + 4*j + 4 = 2*d, 2*j = -3*d + 8. Suppose s - 2*y - 3*y = 0, d*y = s. What is b(s)?
15
Let i(g) = -2*g - 5. Let p(u) = u**3 + 4*u**2 - 33*u - 20. Let k be p(-8). Give i(k).
19
Let v(h) be the second derivative of -h**4/12 + 5*h**3/3 - 4*h**2 - 108*h. What is v(6)?
16
Let o(j) be the first derivative of -9/2*j**2 - 13 - 2*j. Determine o(2).
-20
Let p = 48 - 28. Suppose -4*j - p = -9*j. Let g(v) = -11 + 1 + v + 1 + 6. Give g(j).
1
Let g(q) = -q + 18. Suppose -4*h + 7 = -5. Let u be ((-9)/(-3) - h)*-1. Calculate g(u).
18
Let f(r) be the first derivative of 1/2*r**2 - 5*r - 34. Determine f(4).
-1
Let k(f) = -f - 6 + 10 - 6 - 11. Give k(0).
-13
Let x(b) = -3*b - 7. Let g be (11 - 11) + 6/(18/(-15)). What is x(g)?
8
Let p be (-81)/9 + (-5)/(-1). Let a(x) = 10*x + 14. Give a(p).
-26
Let w(m) be the third derivative of -m**8/6720 - m**7/630 + m**6/120 - m**5/120 - 5*m**4/8 + 17*m**2. Let f(z) be the second derivative of w(z). What is f(-5)?
-6
Let z(y) be the second derivative of y**5/20 + y**4/4 + y**3/6 + y**2 + 4*y + 9. Give z(-4).
-18
Let d = -219 + 218. Let h(a) = -5*a**3 - a**2 - 5*a**3 + a**2 - 1. Calculate h(d).
9
Let k be 22/4 - 6/(-4). Let a be 0/(-2 + 5) - k. Let q(r) = -7*r**3 - 8*r**2 - 3*r - 3. Let f(y) = -y**3 + y. Let z(b) = 6*f(b) - q(b). Give z(a).
-11
Suppose -3*l - 8 + 20 = 0. Let d be (l/6)/(2/9). Let p(q) = q**2 + d + 4*q**2 - 1 + 3*q**3 - 6*q - 2*q**3. Determine p(-6).
2
Let n(g) = -g**2 - 8*g - 8. Suppose 4 = s + 3*b - 2, -s = 4*b - 7. Suppose 2*q + 10 = 0, -2*k + 5*q + 16 = s. Calculate n(k).
4
Let i(y) = y - 3. Let l = 24 + -19. Suppose n + l = 0, -3*d + 4*n + 13 = -7. Calculate i(d).
-3
Let m(j) = -j**3 + 6*j**2 - j + 4. Let v(t) = t**3 - 4*t**2 + t - 3. Let c be v(4). Let r(o) = 18*o - 88. Let d be r(5). Let b be (1 - d)*(-6)/c. What is m(b)?
-2
Let l be 16/32*(-2 + 2)/2. Let r(t) = t**2 + t - 41. Give r(l).
-41
Suppose 2*c + 16 = -0*c. Let d(f) = 6*f + 9. Let o(l) = -5*l - 8. Let p(b) = -4*d(b) - 5*o(b). Calculate p(c).
-4
Let g(v) be the third derivative of v**6/120 + v**5/15 - v**4/6 - 2*v**3/3 + 3*v**2 - 13. Give g(-5).
-9
Let d(m) = m**3 + 3*m**2 + 3*m + 1. Let v be (-17)/7 + (-5 - 532/(-98)). Calculate d(v).
-1
Let d be (-3 - (-3 - -3)) + 3. Let g(z) be the first derivative of z**3/3 - z**2/2 - 10*z + 310. Calculate g(d).
-10
Let h(u) be the third derivative of -u**6/120 + u**5/10 - u**4/12 + u**3/6 + 16*u**2 - 3. Calculate h(6).
-11
Let d(w) = w**2 + 12*w + 11. Let o be d(-11). Let g(j) = 0*j - j - 9 + 0*j + o*j - j**2. Let h = 2 + -2. What is g(h)?
-9
Let c(g) = -g + 11. Let q be (5 - 0)*(-1 - -2). Let s be c(q). Let f(i) = -i + 9. Calculate f(s).
3
Let x(p) = p**2 + 2*p - 3. Suppose 5*m + 44 - 54 = 0. Calculate x(m).
5
Let k(z) be the second derivative of -5*z**3/6 - 4*z**2 + 117*z - 2. What is k(-6)?
22
Let i(y) = -y - 5. Suppose 12*d - 1592 = -1772. Give i(d).
10
Suppose 9*g - 7*g = 2. Let w(c) = -17*c**2 + c. What is w(g)?
-16
Let u(t) = -t. Let p be u(-3). Suppose -2*b = p*b - 70. Let h = b + -10. Let o(r) = r**3 - 3*r**2 - 2*r - 1. What is o(h)?
7
Suppose 0*y = -y. Suppose -n + o - 1 = y, n + 4*o = 14 - 0. Let a(x) = 2*x**3 - 2*x**2 - x. Give a(n).
6
Let g(m) = 4*m**2 - m**3 - 146*m + 286*m - 1 - 136*m. What is g(4)?
15
Let c(p) = 5*p + 11. Let j(k) = -5*k - 9. Let v(u) = -5*c(u) - 6*j(u). What is v(1)?
4
Let y = -3 + 7. Let d be 2/(-8) - 19/y. Let r(n) = -347 + 160 + 180 - n. Give r(d).
-2
Let n(i) = -2*i**3 - 4*i**2 - 5*i. Let z(x) = 2*x**3 + 4*x + 2*x + 4*x**2 + x**3. Let r(o) = -o + 4. Let u be r(8). Let y(f) = u*n(f) - 3*z(f). Calculate y(4).
8
Let b be 5/(100/8)*195/(-39). Let p(s) = -6*s - 3. What is p(b)?
9
Let y(h) = h**2 - h. Let p(l) = -8*l - 3 + 2 + 15*l**2 + 11*l - 16*l**2. Let x(t) = p(t) + 2*y(t). What is x(3)?
11
Let v(k) = -2*k - 4 + 3*k**3 - 16*k**2 + 8 + 6 - 2*k**3 + 8*k**2. Determine v(8).
-6
Suppose 15*p - 20*p = -4*o + 45, 4*o = -4*p. Let j(q) = q**3 - 5*q**2 - q + 5. What is j(o)?
0
Suppose -4*w - 48 = -w. Let y be 4/w*2*-4. Suppose -8 = -y*z - 0*z. Let h(l) = -l**2 + 4. Give h(z).
-12
Let g(q) = 5*q**2 - 4*q - 4. Let x(v) be the second derivative of 11*v**4/12 - 4*v**3/3 - 7*v**2/2 - 30*v. Let j(r) = -9*g(r) + 4*x(r). Calculate j(5).
3
Let x(u) = u - 46. Suppose 5*d = -11 + 1. Let y(o) = 9. Let b(f) = d*x(f) - 11*y(f). What is b(-6)?
5
Let k(h) = -2*h**3 + h**2. Suppose -9*v + 441 = -0*v. Suppose 0 = 4*u - v + 45. Calculate k(u).
-1
Suppose 28 = -2*t - 20*h + 19*h, 2*h = 3*t + 49. Let s(v) = v + 17. What is s(t)?
2
Let m(x) = 11*x**3 - 19*x**2 - 8*x + 14. Let c(r) = 9*r**3 - 18*r**2 - 10*r + 13. Let g(b) = -6*c(b) + 5*m(b). Determine g(-11).
14
Let m(d) be the second derivative of d**5/20 + d**4/2 + d**3 + 92*d + 2. Suppose 0 = 5*k - 10*k - 25. Give m(k).
-5
Let n(i) = i - 2. Let q be ((-2)/(-1))/(3/6). Let t be n(q). Suppose 5*y - t = 2*m + 4, 5*m - 18 = -4*y. Let d(k) = -k**3 + 3*k - 1. C